+ 3610. Calculate the remainder when 346 is divided by a.
16
Let y(z) = 3*z + 274. Let j be (-1096)/26 + 224/104 + -2. Calculate the remainder when y(j) is divided by -2 + -16*(-1 + -1).
28
Suppose -y = -6*y + 800. Let t be y/6 + 2/(-3)*1. Suppose l + 2*r = t, 5*l + 5*r = r + 136. What is the remainder when l is divided by 15?
13
Let l(y) = -y**3 + 10*y**2 - 7*y + 11. Let r be l(5). Suppose -r = w - 2*w. Suppose 5*n + w = 241. Calculate the remainder when 109 is divided by n.
25
Suppose 76*n - 112261 = -n + 20102. What is the remainder when n is divided by 38?
9
Suppose 17*m - 746 = 325. What is the remainder when 1384 is divided by m?
61
Let h(n) = -6*n - 6. Let v(a) = 3*a**3 + 141*a**2 - 311*a - 171. Calculate the remainder when v(-49) is divided by h(-4).
14
Suppose 0*x - 3*x = -18. Let q(l) = l - 4. Let d be q(x). Suppose g + 5*r = 18, 2*r + d*r - 36 = -2*g. Calculate the remainder when 33 is divided by g.
15
Let q(g) = g**2 + 9*g - 17. Let u be q(2). Suppose -b + 0*l - u*l = -32, 3*l = -2*b + 43. What is the remainder when b is divided by 6?
5
Let i(q) = 42*q**2 - 118*q + 89. What is the remainder when i(-6) is divided by 2300?
9
Suppose 2*l + 0*l = -a + 31, 5*a + 115 = 5*l. Let q(g) = 2298*g - 57146. What is the remainder when q(25) is divided by l?
16
Let j = 2 + 0. Suppose j*q - 226 = -4*b, -5*q + 294 = 2*b - 255. What is the remainder when q is divided by ((-25632)/(-126))/16 - (84/49 - 3)?
11
Let c(u) = 30*u - 23. Let v be c(1). Suppose -4086 = -v*x - 1727. What is the remainder when x is divided by 15?
7
Let m(c) = c**3 + 9*c**2 + 17*c - 1. Let s be m(-4). Calculate the remainder when s*21 + -5 + 3 is divided by 77.
75
Let j(o) = -28*o + 40. Let s be j(-13). Suppose -y + 204 = 2*h + 3*y, -4*h - 4*y + s = 0. Calculate the remainder when h is divided by 27.
19
Suppose 6*w - 9*w = 81. Let o(f) = 3*f + 90. What is the remainder when 15 is divided by o(w)?
6
Suppose 105 = 4*n - 7*w + 2*w, n - 30 = 2*w. Let u = 68 - 61. Calculate the remainder when n is divided by u.
6
Suppose 2*b - 204 = -2*b. Let s be ((-1)/(-2))/(1/6). Calculate the remainder when b is divided by s/(-2)*(-7)/(21/22).
7
Suppose w - 4*f + 2 = 0, 3*w + f + 6 - 13 = 0. What is the remainder when (-378)/(-3)*(w + 0) is divided by 11?
10
Let d = -35 - -5. Let n be (1/2)/((-3)/d). Suppose n*o + 20 = 0, -4*i - 6*o + o - 12 = 0. What is the remainder when 11 is divided by i?
1
Let w = -2946 + 3055. Calculate the remainder when w is divided by (4/6)/(4/138).
17
Let i(n) = -n**3 - 5*n**2 + 29*n + 144. Calculate the remainder when i(-6) is divided by 1 - (5 - 3)/(-1).
0
Suppose 12*u - 2534 + 614 = 0. Calculate the remainder when u is divided by 58.
44
What is the remainder when 184 is divided by 5*(-12)/(-100)*45?
22
Let h = -674 - -680. Suppose -3*r = -5*d + 13, -22*d = 4*r - 24*d - h. What is the remainder when 7 is divided by r?
3
Let z(j) = j**3 + 6*j**2 - 20*j - 40. What is the remainder when z(-7) is divided by 30?
21
Let i(b) = -72*b - 59. Let d be i(-2). Let j = -73 + d. What is the remainder when 67 is divided by j?
7
Let p = -14 + 21. Let q(o) = 4*o**2 - 2*o - 2. Suppose -21*r + 7*r = 28. What is the remainder when q(r) is divided by p?
4
Let r = 4118 - 4106. What is the remainder when 2553 is divided by r?
9
Suppose 5*h + 2 - 12 = 0. Let s be 5 + (-6 + 4)*h/2. Suppose -147 + 54 = -s*p. Calculate the remainder when 121 is divided by p.
28
Suppose -24*u = -28*u - 4. Suppose 7*f - 2*f + 10 = 0, -5*p + 4*f + 473 = 0. Calculate the remainder when p is divided by 23 + 5 + -3 + 0 + u.
21
Let h(m) = 22*m**2 + 4*m - 3. What is the remainder when h(2) is divided by (-12)/(-2) - (11 - (3 + 9))?
2
Let h = -3498 - -3561. What is the remainder when 813 is divided by h?
57
Let j(y) = 6*y - 569. Calculate the remainder when 8691 is divided by j(134).
231
Suppose 3*q = 12, -2*q + 5*q = 5*a - 223. Let o(x) = x**2 - 10*x + 4. Let w be o(10). Suppose m = a + w. What is the remainder when m is divided by 27?
24
Suppose 156*d - 82*d = 12432. What is the remainder when d is divided by 53?
9
Suppose i + 6*m = 4*m + 9, -18 = -2*i + 4*m. Suppose -i*y = -14*y + 40. Calculate the remainder when 94 is divided by y.
6
Suppose 9 = 3*b - 24. Suppose 5*d = 4*o + 737, 2*d - 3*d = 2*o - 153. Let q = d + -84. Calculate the remainder when q is divided by b.
10
Suppose z - 2*z + 91 = 4*r, 2*r = 2*z + 38. Let x(v) = -v**2 - 2*v + 12. Let f be x(3). Let o = r + f. What is the remainder when 47 is divided by o?
9
Suppose -6*f - 57 = -25*f. What is the remainder when 153 is divided by ((-16)/4 + -1)/(f/(-33))?
43
Let l be (-493)/(-11) + (-6)/(-33). Let g be 125/l - 8/(-36). Suppose -2*i + 7*i + 2*x = 7, 0 = -4*i - g*x. What is the remainder when i is divided by 1?
0
Suppose 635 = x - 3*s, s + 2554 = 4*x - 4*s. Suppose 13*l - x = 334. Calculate the remainder when l is divided by 2.
1
Suppose 0 = -4*l + 3*l + 20. Let h(a) = -a**3 + 17*a**2 + 81*a - 53. What is the remainder when h(-5) is divided by l?
12
Suppose -4*a = -4*u, a + 2*a = 0. Let k be (u/5)/(-2) + -15. Calculate the remainder when 179 is divided by (3/k - (-18)/(-60))*-26.
10
Let c be (-44)/8 - -1 - 51/(-34). Let u(l) = -3*l**3 - 6*l**2 - 8*l - 32. Calculate the remainder when 262 is divided by u(c).
15
Let d = -5207 - -5370. What is the remainder when d is divided by 27?
1
Let i = 9829 + -9704. Calculate the remainder when i is divided by 14.
13
Suppose 0*c + 4*c - 416 = 0. Suppose 772 + 10673 + 735 = 442*w - 4616. Calculate the remainder when c is divided by w.
28
Let h be 24/156 + 49860/52. Let m = h + -957. Calculate the remainder when 87 is divided by m.
1
Let m = 355 + -311. Let n be (-796)/(-3) + 16/24. Suppose 0 = 2*p - 4*r - n, 3*p = 3*r + 223 + 170. Calculate the remainder when p is divided by m.
41
Let k = 4061 + -3787. What is the remainder when 6845 is divided by k?
269
Suppose 64*p = 44*p + 5740. What is the remainder when p is divided by 143?
1
Suppose -13*h = -136*h + 150306. Calculate the remainder when h is divided by 610.
2
Suppose -332*g - 364 = -339*g. Calculate the remainder when 562 is divided by g.
42
Let d = -107 + 135. Calculate the remainder when (-7)/((12/(-9))/4) is divided by 68/(-119)*d/(-8).
1
Suppose 69 + 35 = -13*w. Let q(l) = -8*l - 6 + 5 + 9 + 3. Calculate the remainder when q(w) is divided by 26.
23
Let q be 1 - 2 - (-156)/(4 + -7). Let n = 77 + q. What is the remainder when 44 is divided by n?
20
Let s(q) be the first derivative of 5*q - 1/2*q**2 - 13. Calculate the remainder when 31 is divided by s(-6).
9
Suppose -30 = -74*r + 414. What is the remainder when 724 is divided by r?
4
Let u(k) = -k**2 + 7*k + 9. Let l be u(10). Let h = l + 26. Suppose -217 = -h*z + 128. What is the remainder when z is divided by 18?
15
Let d be ((-23)/(-3))/(1/12). Let p = d - 52. Suppose -3*l = 20*b - 22*b + 34, 5*b - 2*l - 74 = 0. What is the remainder when p is divided by b?
12
Let q = -8 + 87. Suppose 8*z - 530 = 214. Let o = -77 + z. What is the remainder when q is divided by o?
15
Calculate the remainder when 173 is divided by 24/5*(-5)/(-3).
5
What is the remainder when 881 is divided by (1*2/(-4))/((-124)/12152)?
48
Suppose 7*l - 4*l - 5*m - 28 = 0, -2*l + 5*m + 17 = 0. Suppose 114 = -5*v + 179. What is the remainder when v is divided by l?
2
Let s(t) = -t**3 + 20*t**2 + 26*t + 29. Let n be s(21). Let p = n - -33. Calculate the remainder when p is divided by 46.
29
Let d = -127 - -133. Let z = d - -13. What is the remainder when 151 is divided by z?
18
Let x = 1787 + -1721. Calculate the remainder when x is divided by 47.
19
Let y be 2*4/(-8) + 36. Suppose y*a - 32*a = 69. Calculate the remainder when a is divided by 4.
3
Suppose -4*o = -m + 7, 0 = 4*m - o + 3*o - 10. Suppose -61*x + 945 = -52*x. Calculate the remainder when x/(-33) + 3 + 808/88 is divided by m.
0
Let p(f) = 3*f + 79. Let v = -146 + 127. What is the remainder when 65 is divided by p(v)?
21
Suppose -2658*j + 3*a = -2657*j - 106, 5*j - 4*a = 497. Suppose -6 = 2*p - 114. Suppose -p = 5*i - 179. What is the remainder when j is divided by i?
22
Let x(q) = -q**2 + 5*q + 26. Let w be x(8). Suppose -5*b + 198 = 2*v, b = -w*v - 0*v + 46. Let d = b + 38. What is the remainder when d is divided by 13?
11
Calculate the remainder when (-3)/7 - ((-132528)/42 - -20) is